{"id":22,"date":"2025-02-19T19:22:18","date_gmt":"2025-02-19T18:22:18","guid":{"rendered":"http:\/\/www.saengerrunde.net\/sgrd\/?page_id=22"},"modified":"2026-04-02T11:05:40","modified_gmt":"2026-04-02T09:05:40","slug":"liedertafel","status":"publish","type":"page","link":"https:\/\/www.saengerrunde.net\/sgrd\/index.php\/liedertafel\/","title":{"rendered":"Liedertafel"},"content":{"rendered":"<p>[et_pb_section fb_built=&#8220;1&#8243; admin_label=&#8220;Header &#8220; _builder_version=&#8220;4.27.4&#8243; _module_preset=&#8220;_initial&#8220; background_color=&#8220;#47c421&#8243; use_background_color_gradient=&#8220;on&#8220; background_color_gradient_stops=&#8220;#2b87da 0%|#29c4a9 55%&#8220; custom_margin=&#8220;||||false|false&#8220; locked=&#8220;off&#8220; collapsed=&#8220;on&#8220; global_colors_info=&#8220;{%22gcid-1f1bf5fb-a99d-4acc-8d9e-ddac074c158c%22:%91%22background_color_gradient_stops%22%93,%22gcid-a78660e1-cfc7-4771-a566-6834d6a7f06a%22:%91%22background_color_gradient_stops%22%93,%22gcid-24b0db87-dafa-47d9-995f-b90181e18c52%22:%91%22background_color_gradient_stops%22%93}&#8220;][et_pb_row _builder_version=&#8220;4.25.1&#8243; _module_preset=&#8220;default&#8220; global_colors_info=&#8220;{}&#8220;][et_pb_column type=&#8220;4_4&#8243; _builder_version=&#8220;4.25.1&#8243; _module_preset=&#8220;default&#8220; global_colors_info=&#8220;{}&#8220;][et_pb_heading title=&#8220;Liedertafel?!&#8220; _builder_version=&#8220;4.25.2&#8243; _module_preset=&#8220;0282dd0d-8e79-4977-96d2-ef98d6d3d069&#8243; title_text_color=&#8220;#FFFFFF&#8220; custom_margin=&#8220;||10px||false|false&#8220; global_colors_info=&#8220;{}&#8220;][\/et_pb_heading][et_pb_text _builder_version=&#8220;4.27.4&#8243; _module_preset=&#8220;6efb6bbd-12a1-4834-b469-9798f4a40b40&#8243; text_text_color=&#8220;#FFFFFF&#8220; link_text_color=&#8220;gcid-d7cd5a78-aaef-4f36-82a3-4d3706015cba&#8220; global_colors_info=&#8220;{%22gcid-1f1b4e15-7cc6-4e13-8154-74d77a956460%22:%91%22quote_text_color%22%93,%22gcid-d7cd5a78-aaef-4f36-82a3-4d3706015cba%22:%91%22link_text_color%22,%22quote_text_color%22%93,%22gcid-primary-color%22:%91%22quote_text_color%22%93}&#8220;]<\/p>\n<p><span>Als langj\u00e4hrig gepflegte Tradition veranstaltet die S\u00e4ngerrunde Kritzendorf jedes Jahr eine &#8222;Liedertafel&#8220;.<\/span><\/p>\n<p><span>Der Begriff &#8222;Liedertafel&#8220; wurde zu Beginn des 19. Jahrhunderts gepr\u00e4gt. Carl Friedrich Zelter ein gelernter Maurer, musikalischer Autodidakt und Direktor der Sing-Akademie zu Berlin gr\u00fcndete am 24. J\u00e4nner 1809 die &#8222;Liedertafel&#8220; &#8211; den ersten reinen M\u00e4nnerchor in Deutschland.<\/span><\/p>\n<p><span>Bei den monatlichen Treffen wurde ausgiebig getafelt und es wurden Lieder gesungen, die die eigenen Mitglieder als Komponisten oder Dichter geschaffen haben.<\/span><\/p>\n<p><span>Carl Friedrich Zelter hat unz\u00e4hlige Lieder f\u00fcr M\u00e4nnerch\u00f6re geschrieben und damit sehr viel zu der Entwicklung der M\u00e4nnerch\u00f6re im deutschsprachigen Raum beigetragen.<\/span><\/p>\n<p><span>Die &#8222;Liedertafel&#8220; ist f\u00fcr die S\u00e4ngerrunde Kritzendorf der Begriff f\u00fcr das j\u00e4hrliche Sommer-Konzert geworden, bei dem auch eigene Liedtexte,\u00a0Geschichten,\u00a0Gedichte und auch eigene Kompositionen vorgetragen werden. Dabei wird auch oft auf aktuelle Themen Bezug genommen und dem Publikum so mancher Lacher abgerungen.<br \/><\/span><\/p>\n<p><span>Singen ist ein Ausdruck von Lebensfreude!<br \/><\/span><span>Und Freude hoffen wir bei unserer Liedertafel verbreiten zu k\u00f6nnen.<\/span><\/p>\n<p><span>Neugierig geworden? Unter &#8222;Wann &amp; Wo&#8220; finden Sie, wann die n\u00e4chste Liedertafel stattfindet.<br \/>Die 75 Jahre Jubil\u00e4ums-Liedertafel 2026 findet am 19. April unter dem Titel &#8222;forever young &#8211; Barock bis Rock\u00a0 a cappella&#8220; statt!<\/span><\/p>\n<p>[\/et_pb_text][\/et_pb_column][\/et_pb_row][\/et_pb_section][et_pb_section fb_built=&#8220;1&#8243; _builder_version=&#8220;4.27.4&#8243; _module_preset=&#8220;_initial&#8220;][et_pb_row _builder_version=&#8220;4.27.4&#8243; _module_preset=&#8220;default&#8220; global_colors_info=&#8220;{}&#8220;][et_pb_column type=&#8220;4_4&#8243; _builder_version=&#8220;4.27.4&#8243; _module_preset=&#8220;default&#8220; global_colors_info=&#8220;{}&#8220;][et_pb_image src=&#8220;http:\/\/www.saengerrunde.net\/sgrd\/wp-content\/uploads\/2025\/03\/DSCN5506.jpg&#8220; alt=&#8220;Liedertafel %22Sommerpotpourri%22 2024&#8243; title_text=&#8220;DSCN5506&#8243; _builder_version=&#8220;4.27.4&#8243; _module_preset=&#8220;da67ba06-0b57-4aa2-8cc1-fc814cab47ba&#8220; global_colors_info=&#8220;{}&#8220;][\/et_pb_image][\/et_pb_column][\/et_pb_row][\/et_pb_section]<\/p>\n","protected":false},"excerpt":{"rendered":"<p>Als langj\u00e4hrig gepflegte Tradition veranstaltet die S\u00e4ngerrunde Kritzendorf jedes Jahr eine &#8222;Liedertafel&#8220;. Der Begriff &#8222;Liedertafel&#8220; wurde zu Beginn des 19. Jahrhunderts gepr\u00e4gt. Carl Friedrich Zelter ein gelernter Maurer, musikalischer Autodidakt und Direktor der Sing-Akademie zu Berlin gr\u00fcndete am 24. J\u00e4nner 1809 die &#8222;Liedertafel&#8220; &#8211; den ersten reinen M\u00e4nnerchor in Deutschland. Bei den monatlichen Treffen wurde [&hellip;]<\/p>\n","protected":false},"author":1,"featured_media":0,"parent":0,"menu_order":0,"comment_status":"closed","ping_status":"closed","template":"","meta":{"_et_pb_use_builder":"on","_et_pb_old_content":"","_et_gb_content_width":"","footnotes":""},"class_list":["post-22","page","type-page","status-publish","hentry"],"_links":{"self":[{"href":"https:\/\/www.saengerrunde.net\/sgrd\/index.php\/wp-json\/wp\/v2\/pages\/22","targetHints":{"allow":["GET"]}}],"collection":[{"href":"https:\/\/www.saengerrunde.net\/sgrd\/index.php\/wp-json\/wp\/v2\/pages"}],"about":[{"href":"https:\/\/www.saengerrunde.net\/sgrd\/index.php\/wp-json\/wp\/v2\/types\/page"}],"author":[{"embeddable":true,"href":"https:\/\/www.saengerrunde.net\/sgrd\/index.php\/wp-json\/wp\/v2\/users\/1"}],"replies":[{"embeddable":true,"href":"https:\/\/www.saengerrunde.net\/sgrd\/index.php\/wp-json\/wp\/v2\/comments?post=22"}],"version-history":[{"count":5,"href":"https:\/\/www.saengerrunde.net\/sgrd\/index.php\/wp-json\/wp\/v2\/pages\/22\/revisions"}],"predecessor-version":[{"id":287,"href":"https:\/\/www.saengerrunde.net\/sgrd\/index.php\/wp-json\/wp\/v2\/pages\/22\/revisions\/287"}],"wp:attachment":[{"href":"https:\/\/www.saengerrunde.net\/sgrd\/index.php\/wp-json\/wp\/v2\/media?parent=22"}],"curies":[{"name":"wp","href":"https:\/\/api.w.org\/{rel}","templated":true}]}}